ided by 162.
158
What is the remainder when 416 is divided by 21?
17
What is the remainder when 1584 is divided by 92?
20
Calculate the remainder when 205 is divided by 26.
23
Calculate the remainder when 24879 is divided by 16.
15
Calculate the remainder when 198 is divided by 29.
24
What is the remainder when 1899 is divided by 19?
18
Calculate the remainder when 55 is divided by 30.
25
Calculate the remainder when 100 is divided by 22.
12
What is the remainder when 450 is divided by 155?
140
Calculate the remainder when 226 is divided by 82.
62
Calculate the remainder when 8160 is divided by 154.
152
What is the remainder when 184 is divided by 9?
4
Calculate the remainder when 167 is divided by 51.
14
Calculate the remainder when 284 is divided by 95.
94
What is the remainder when 3238 is divided by 108?
106
Calculate the remainder when 4183 is divided by 27.
25
What is the remainder when 565 is divided by 30?
25
What is the remainder when 180 is divided by 136?
44
What is the remainder when 1917 is divided by 1910?
7
What is the remainder when 159 is divided by 23?
21
Calculate the remainder when 60 is divided by 28.
4
Calculate the remainder when 7404 is divided by 46.
44
What is the remainder when 1103 is divided by 137?
7
What is the remainder when 76 is divided by 52?
24
Calculate the remainder when 39865 is divided by 62.
61
What is the remainder when 1028 is divided by 311?
95
Calculate the remainder when 43 is divided by 22.
21
Calculate the remainder when 153 is divided by 14.
13
Calculate the remainder when 252 is divided by 50.
2
Calculate the remainder when 6057 is divided by 12.
9
What is the remainder when 122 is divided by 108?
14
What is the remainder when 197 is divided by 10?
7
Calculate the remainder when 33 is divided by 19.
14
What is the remainder when 594 is divided by 68?
50
What is the remainder when 1853 is divided by 143?
137
Calculate the remainder when 408 is divided by 105.
93
What is the remainder when 1338 is divided by 79?
74
What is the remainder when 434 is divided by 109?
107
What is the remainder when 317 is divided by 74?
21
Calculate the remainder when 978 is divided by 9.
6
Calculate the remainder when 376 is divided by 76.
72
What is the remainder when 1853 is divided by 58?
55
What is the remainder when 88 is divided by 59?
29
What is the remainder when 7258 is divided by 119?
118
What is the remainder when 212 is divided by 73?
66
What is the remainder when 68 is divided by 48?
20
What is the remainder when 191 is divided by 4?
3
Calculate the remainder when 1284 is divided by 143.
140
Calculate the remainder when 174 is divided by 26.
18
Calculate the remainder when 84 is divided by 34.
16
Calculate the remainder when 822 is divided by 121.
96
What is the remainder when 1828 is divided by 46?
34
Calculate the remainder when 304 is divided by 44.
40
Calculate the remainder when 1006 is divided by 84.
82
Calculate the remainder when 18 is divided by 8.
2
Calculate the remainder when 158 is divided by 34.
22
Calculate the remainder when 37 is divided by 21.
16
What is the remainder when 189 is divided by 151?
38
Calculate the remainder when 270 is divided by 137.
133
Calculate the remainder when 121 is divided by 110.
11
Calculate the remainder when 1144 is divided by 451.
242
What is the remainder when 3046 is divided by 92?
10
Calculate the remainder when 132 is divided by 5.
2
Calculate the remainder when 35 is divided by 6.
5
Calculate the remainder when 152 is divided by 42.
26
Calculate the remainder when 1546 is divided by 86.
84
What is the remainder when 127 is divided by 56?
15
Calculate the remainder when 455 is divided by 52.
39
Calculate the remainder when 211 is divided by 89.
33
What is the remainder when 818 is divided by 11?
4
Calculate the remainder when 32 is divided by 3.
2
What is the remainder when 189 is divided by 8?
5
What is the remainder when 9853 is divided by 34?
27
What is the remainder when 7405 is divided by 16?
13
Calculate the remainder when 904 is divided by 904.
0
What is the remainder when 252 is divided by 8?
4
Calculate the remainder when 385 is divided by 34.
11
What is the remainder when 3715 is divided by 925?
15
Calculate the remainder when 5887 is divided by 184.
183
What is the remainder when 642 is divided by 92?
90
Calculate the remainder when 132 is divided by 15.
12
Calculate the remainder when 1745 is divided by 348.
5
What is the remainder when 1726 is divided by 28?
18
Calculate the remainder when 35 is divided by 4.
3
What is the remainder when 355 is divided by 108?
31
Calculate the remainder when 7823 is divided by 174.
167
What is the remainder when 1169 is divided by 166?
7
What is the remainder when 1328 is divided by 3?
2
What is the remainder when 4757 is divided by 136?
133
Calculate the remainder when 1410 is divided by 142.
132
What is the remainder when 265 is divided by 30?
25
Calculate the remainder when 299 is divided by 43.
41
Calculate the remainder when 816 is divided by 757.
59
Calculate the remainder when 370 is divided by 118.
16
Calculate the remainder when 823 is divided by 103.
102
Calculate the remainder when 6597 is divided by 22.
19
What is the remainder when 532 is divided by 5?
2
Calculate the remainder when 1059 is divided by 178.
169
Calculate the remainder when 9262 is divided by 16.
14
Calculate the remainder when 236 is divided by 41.
31
What is the remainder when 86 is divided by 22?
20
What is the remainder when 88 is divided by 7?
4
Calculate the remainder when 1194 is divided by 288.
42
What is the remainder when 601 is divided by 88?
73
What is the remainder when 7808 is divided by 142?
140
What is the remainder when 2529 is divided by 180?
9
What is the remainder when 139 is divided by 22?
7
Calculate the remainder when 1594 is divided by 114.
112
What is the remainder when 35 is divided by 20?
15
Calculate the remainder when 492 is divided by 22.
8
Calculate the remainder when 13285 is divided by 44.
41
What is the remainder when 300 is divided by 78?
66
What is the remainder when 577 is divided by 112?
17
Calculate the remainder when 3419 is divided by 60.
59
Calculate the remainder when 35 is divided by 17.
1
What is the remainder when 533 is divided by 121?
49
Calculate the remainder when 614 is divided by 77.
75
What is the remainder when 1245 is divided by 14?
13
Calculate the remainder when 790 is divided by 259.
13
What is the remainder when 720 is divided by 150?
120
What is the remainder when 149 is divided by 10?
9
What is the remainder when 71 is divided by 8?
7
Calculate the remainder when 38 is divided by 21.
17
What is the remainder when 1989 is divided by 80?
69
Calculate the remainder when 2702 is divided by 90.
2
Calculate the remainder when 127 is divided by 32.
31
Calculate the remainder when 220 is divided by 57.
49
Calculate the remainder when 200 is divided by 1.
0
What is the remainder when 515 is divided by 74?
71
Calculate the remainder when 396 is divided by 30.
6
What is the remainder when 3401 is divided by 677?
16
Calculate the remainder when 479 is divided by 31.
14
Calculate the remainder when 866 is divided by 58.
54
Calculate the remainder when 319 is divided by 13.
7
What is the remainder when 130 is divided by 11?
9
Calculate the remainder when 180 is divided by 177.
3
What is the remainder when 84 is divided by 27?
3
What is the remainder when 915 is divided by 296?
27
What is the remainder when 1480 is divided by 1473?
7
What is the remainder when 647 is divided by 8?
7
What is the remainder when 1582 is divided by 13?
9
What is the remainder when 4407 is divided by 67?
52
Calculate the remainder when 331 is divided by 1.
0
What is the remainder when 507 is divided by 61?
19
What is the remainder when 476 is divided by 58?
12
Calculate the remainder when 2698 is divided by 75.
73
What is the remainder when 248 is divided by 133?
115
What is the remainder when 1239 is divided by 18?
15
What is the remainder when 1570 is divided by 184?
98
What is the remainder when 1025 is divided by 337?
14
What is the remainder when 2477 is divided by 118?
117
What is the remainder when 99 is divided by 17?
14
Calculate the remainder when 11920 is divided by 13.
12
What is the remai